[INFO] fetching crate livox-sys 0.1.1...
[INFO] checking livox-sys-0.1.1 against master#af3c6e733a40e671550e0f0f5aeecaa13772ba56 for pr-74989
[INFO] extracting crate livox-sys 0.1.1 into /workspace/builds/worker-7/source
[INFO] validating manifest of crates.io crate livox-sys 0.1.1 on toolchain af3c6e733a40e671550e0f0f5aeecaa13772ba56
[INFO] running `Command { std: "/workspace/cargo-home/bin/cargo" "+af3c6e733a40e671550e0f0f5aeecaa13772ba56" "read-manifest" "--manifest-path" "Cargo.toml", kill_on_drop: false }`
[INFO] started tweaking crates.io crate livox-sys 0.1.1
[INFO] finished tweaking crates.io crate livox-sys 0.1.1
[INFO] tweaked toml for crates.io crate livox-sys 0.1.1 written to /workspace/builds/worker-7/source/Cargo.toml
[INFO] crate crates.io crate livox-sys 0.1.1 already has a lockfile, it will not be regenerated
[INFO] running `Command { std: "/workspace/cargo-home/bin/cargo" "+af3c6e733a40e671550e0f0f5aeecaa13772ba56" "fetch" "--locked" "--manifest-path" "Cargo.toml", kill_on_drop: false }`
[INFO] running `Command { std: "docker" "create" "-v" "/var/lib/crater-agent-workspace/builds/worker-7/target:/opt/rustwide/target:rw,Z" "-v" "/var/lib/crater-agent-workspace/builds/worker-7/source:/opt/rustwide/workdir:ro,Z" "-v" "/var/lib/crater-agent-workspace/cargo-home:/opt/rustwide/cargo-home:ro,Z" "-v" "/var/lib/crater-agent-workspace/rustup-home:/opt/rustwide/rustup-home:ro,Z" "-e" "SOURCE_DIR=/opt/rustwide/workdir" "-e" "CARGO_TARGET_DIR=/opt/rustwide/target" "-e" "CARGO_HOME=/opt/rustwide/cargo-home" "-e" "RUSTUP_HOME=/opt/rustwide/rustup-home" "-w" "/opt/rustwide/workdir" "-m" "1610612736" "--user" "0:0" "--network" "none" "rustops/crates-build-env@sha256:d92eaeed33fa75130ca1ee6c8a01d1ffb62bac859dfdfb3450e3e5d1c0146529" "/opt/rustwide/cargo-home/bin/cargo" "+af3c6e733a40e671550e0f0f5aeecaa13772ba56" "metadata" "--no-deps" "--format-version=1", kill_on_drop: false }`
[INFO] [stdout] b7ebbc6ca92d5bcb7ae1cafee274c5e3f7a94e23e23cd93b8beca872dad3222f
[INFO] [stderr] WARNING: Your kernel does not support swap limit capabilities or the cgroup is not mounted. Memory limited without swap.
[INFO] running `Command { std: "docker" "start" "-a" "b7ebbc6ca92d5bcb7ae1cafee274c5e3f7a94e23e23cd93b8beca872dad3222f", kill_on_drop: false }`
[INFO] running `Command { std: "docker" "inspect" "b7ebbc6ca92d5bcb7ae1cafee274c5e3f7a94e23e23cd93b8beca872dad3222f", kill_on_drop: false }`
[INFO] running `Command { std: "docker" "rm" "-f" "b7ebbc6ca92d5bcb7ae1cafee274c5e3f7a94e23e23cd93b8beca872dad3222f", kill_on_drop: false }`
[INFO] [stdout] b7ebbc6ca92d5bcb7ae1cafee274c5e3f7a94e23e23cd93b8beca872dad3222f
[INFO] running `Command { std: "docker" "create" "-v" "/var/lib/crater-agent-workspace/builds/worker-7/target:/opt/rustwide/target:rw,Z" "-v" "/var/lib/crater-agent-workspace/builds/worker-7/source:/opt/rustwide/workdir:ro,Z" "-v" "/var/lib/crater-agent-workspace/cargo-home:/opt/rustwide/cargo-home:ro,Z" "-v" "/var/lib/crater-agent-workspace/rustup-home:/opt/rustwide/rustup-home:ro,Z" "-e" "SOURCE_DIR=/opt/rustwide/workdir" "-e" "CARGO_TARGET_DIR=/opt/rustwide/target" "-e" "CARGO_INCREMENTAL=0" "-e" "RUST_BACKTRACE=full" "-e" "RUSTFLAGS=--cap-lints=forbid" "-e" "CARGO_HOME=/opt/rustwide/cargo-home" "-e" "RUSTUP_HOME=/opt/rustwide/rustup-home" "-w" "/opt/rustwide/workdir" "-m" "1610612736" "--user" "0:0" "--network" "none" "rustops/crates-build-env@sha256:d92eaeed33fa75130ca1ee6c8a01d1ffb62bac859dfdfb3450e3e5d1c0146529" "/opt/rustwide/cargo-home/bin/cargo" "+af3c6e733a40e671550e0f0f5aeecaa13772ba56" "check" "--frozen" "--all" "--all-targets" "--message-format=json", kill_on_drop: false }`
[INFO] [stdout] c39d063a02d9ae86f34072df7d14102a849474783b5709ea0ace00bb2b8a0584
[INFO] [stderr] WARNING: Your kernel does not support swap limit capabilities or the cgroup is not mounted. Memory limited without swap.
[INFO] running `Command { std: "docker" "start" "-a" "c39d063a02d9ae86f34072df7d14102a849474783b5709ea0ace00bb2b8a0584", kill_on_drop: false }`
[INFO] [stderr]    Compiling libc v0.2.69
[INFO] [stderr]    Compiling memchr v2.2.1
[INFO] [stderr]    Compiling cc v1.0.38
[INFO] [stderr]    Compiling version_check v0.9.1
[INFO] [stderr]    Compiling bitflags v1.1.0
[INFO] [stderr]    Compiling log v0.4.8
[INFO] [stderr]    Compiling lazy_static v1.3.0
[INFO] [stderr]    Compiling proc-macro2 v1.0.12
[INFO] [stderr]    Compiling regex-syntax v0.6.17
[INFO] [stderr]    Compiling unicode-width v0.1.5
[INFO] [stderr]    Compiling quick-error v1.2.2
[INFO] [stderr]    Compiling cfg-if v0.1.9
[INFO] [stderr]    Compiling unicode-xid v0.2.0
[INFO] [stderr]    Compiling vec_map v0.8.1
[INFO] [stderr]    Compiling bindgen v0.53.2
[INFO] [stderr]    Compiling termcolor v1.0.5
[INFO] [stderr]    Compiling lazycell v1.2.1
[INFO] [stderr]    Compiling clang-sys v0.29.3
[INFO] [stderr]    Compiling humantime v1.3.0
[INFO] [stderr]    Compiling textwrap v0.11.0
[INFO] [stderr]    Compiling thread_local v1.0.1
[INFO] [stderr]    Compiling nom v5.1.1
[INFO] [stderr]    Compiling cmake v0.1.40
[INFO] [stderr]    Compiling aho-corasick v0.7.10
[INFO] [stderr]    Compiling quote v1.0.4
[INFO] [stderr]    Compiling libloading v0.5.2
[INFO] [stderr]    Compiling atty v0.2.13
[INFO] [stderr]    Compiling which v3.1.1
[INFO] [stderr]    Compiling clap v2.33.0
[INFO] [stderr]    Compiling regex v1.3.7
[INFO] [stderr]    Compiling cexpr v0.4.0
[INFO] [stderr]    Compiling env_logger v0.7.1
[INFO] [stderr]    Compiling livox-sys v0.1.1 (/opt/rustwide/workdir)
[INFO] [stderr] error: failed to run custom build command for `livox-sys v0.1.1 (/opt/rustwide/workdir)`
[INFO] [stderr] 
[INFO] [stderr] Caused by:
[INFO] [stderr]   process didn't exit successfully: `/opt/rustwide/target/debug/build/livox-sys-83e6d68089d26a60/build-script-build` (exit code: 101)
[INFO] [stderr]   --- stdout
[INFO] [stderr]   running: "cmake" "/opt/rustwide/workdir/src/Livox-SDK" "-DCMAKE_INSTALL_PREFIX=/opt/rustwide/target/debug/build/livox-sys-55f49ae74d5b510a/out" "-DCMAKE_C_FLAGS= -ffunction-sections -fdata-sections -fPIC -m64" "-DCMAKE_C_COMPILER=/usr/bin/cc" "-DCMAKE_CXX_FLAGS= -ffunction-sections -fdata-sections -fPIC -m64" "-DCMAKE_CXX_COMPILER=/usr/bin/c++" "-DCMAKE_BUILD_TYPE=Debug"
[INFO] [stderr]   -- The C compiler identification is GNU 9.3.0
[INFO] [stderr]   -- The CXX compiler identification is GNU 9.3.0
[INFO] [stderr]   -- Check for working C compiler: /usr/bin/cc
[INFO] [stderr]   -- Check for working C compiler: /usr/bin/cc -- works
[INFO] [stderr]   -- Detecting C compiler ABI info
[INFO] [stderr]   -- Detecting C compiler ABI info - done
[INFO] [stderr]   -- Detecting C compile features
[INFO] [stderr]   -- Detecting C compile features - done
[INFO] [stderr]   -- Check for working CXX compiler: /usr/bin/c++
[INFO] [stderr]   -- Check for working CXX compiler: /usr/bin/c++ -- works
[INFO] [stderr]   -- Detecting CXX compiler ABI info
[INFO] [stderr]   -- Detecting CXX compiler ABI info - done
[INFO] [stderr]   -- Detecting CXX compile features
[INFO] [stderr]   -- Detecting CXX compile features - done
[INFO] [stderr]   -- main project dir: /opt/rustwide/workdir/src/Livox-SDK
[INFO] [stderr]   -- Found PkgConfig: /usr/bin/pkg-config (found version "0.29.1") 
[INFO] [stderr]   -- Checking for module 'apr-1'
[INFO] [stderr]   --   No package 'apr-1' found
[INFO] [stderr]   -- Configuring done
[INFO] [stderr]   -- Generating done
[INFO] [stderr]   -- Build files have been written to: /opt/rustwide/target/debug/build/livox-sys-55f49ae74d5b510a/out/build
[INFO] [stderr]   running: "cmake" "--build" "." "--target" "livox_sdk_static" "--config" "Debug" "--"
[INFO] [stderr]   Scanning dependencies of target livox_sdk_static
[INFO] [stderr]   [  4%] Building CXX object sdk_core/CMakeFiles/livox_sdk_static.dir/src/base/io_loop.cpp.o
[INFO] [stderr]   [  9%] Building CXX object sdk_core/CMakeFiles/livox_sdk_static.dir/src/third_party/FastCRC/FastCRCsw.cpp.o
[INFO] [stderr]   [ 14%] Building CXX object sdk_core/CMakeFiles/livox_sdk_static.dir/src/base/thread_base.cpp.o
[INFO] [stderr]   [ 19%] Building CXX object sdk_core/CMakeFiles/livox_sdk_static.dir/src/base/network_util.cpp.o
[INFO] [stderr]   [ 23%] Building CXX object sdk_core/CMakeFiles/livox_sdk_static.dir/src/base/io_thread.cpp.o
[INFO] [stderr]   [ 28%] Building CXX object sdk_core/CMakeFiles/livox_sdk_static.dir/src/base/logging.cpp.o
[INFO] [stderr]   [ 33%] Building CXX object sdk_core/CMakeFiles/livox_sdk_static.dir/src/livox_sdk.cpp.o
[INFO] [stderr]   [ 38%] Building CXX object sdk_core/CMakeFiles/livox_sdk_static.dir/src/base/util.cpp.o
[INFO] [stderr]   [ 42%] Building CXX object sdk_core/CMakeFiles/livox_sdk_static.dir/src/device_discovery.cpp.o
[INFO] [stderr]   [ 47%] Building CXX object sdk_core/CMakeFiles/livox_sdk_static.dir/src/device_manager.cpp.o
[INFO] [stderr]   [ 52%] Building CXX object sdk_core/CMakeFiles/livox_sdk_static.dir/src/comm/comm_port.cpp.o
[INFO] [stderr] 
[INFO] [stderr]   --- stderr
[INFO] [stderr]   error: 'rustfmt' is not installed for the toolchain 'af3c6e733a40e671550e0f0f5aeecaa13772ba56'
[INFO] [stderr]   To install, run `rustup component add rustfmt --toolchain af3c6e733a40e671550e0f0f5aeecaa13772ba56`
[INFO] [stderr]   Failed to run rustfmt: Internal rustfmt error (non-fatal, continuing)
[INFO] [stderr]   In file included from /opt/rustwide/workdir/src/Livox-SDK/sdk_core/src/base/thread_base.cpp:25:
[INFO] [stderr]   /opt/rustwide/workdir/src/Livox-SDK/sdk_core/src/base/thread_base.h:27:10: fatal error: apr_general.h: No such file or directory
[INFO] [stderr]      27 | #include <apr_general.h>
[INFO] [stderr]         |          ^~~~~~~~~~~~~~~
[INFO] [stderr]   compilation terminated.
[INFO] [stderr]   make[3]: *** [sdk_core/CMakeFiles/livox_sdk_static.dir/build.make:89: sdk_core/CMakeFiles/livox_sdk_static.dir/src/base/thread_base.cpp.o] Error 1
[INFO] [stderr]   make[3]: *** Waiting for unfinished jobs....
[INFO] [stderr]   In file included from /opt/rustwide/workdir/src/Livox-SDK/sdk_core/src/base/network_util.cpp:25:
[INFO] [stderr]   /opt/rustwide/workdir/src/Livox-SDK/sdk_core/src/base/network_util.h:27:10: fatal error: apr_general.h: No such file or directory
[INFO] [stderr]      27 | #include <apr_general.h>
[INFO] [stderr]         |          ^~~~~~~~~~~~~~~
[INFO] [stderr]   compilation terminated.
[INFO] [stderr]   make[3]: *** [sdk_core/CMakeFiles/livox_sdk_static.dir/build.make:115: sdk_core/CMakeFiles/livox_sdk_static.dir/src/base/network_util.cpp.o] Error 1
[INFO] [stderr]   /opt/rustwide/workdir/src/Livox-SDK/sdk_core/src/livox_sdk.cpp:26:10: fatal error: apr_general.h: No such file or directory
[INFO] [stderr]      26 | #include "apr_general.h"
[INFO] [stderr]         |          ^~~~~~~~~~~~~~~
[INFO] [stderr]   compilation terminated.
[INFO] [stderr]   make[3]: *** [sdk_core/CMakeFiles/livox_sdk_static.dir/build.make:154: sdk_core/CMakeFiles/livox_sdk_static.dir/src/livox_sdk.cpp.o] Error 1
[INFO] [stderr]   In file included from /opt/rustwide/workdir/src/Livox-SDK/sdk_core/src/device_manager.h:32,
[INFO] [stderr]                    from /opt/rustwide/workdir/src/Livox-SDK/sdk_core/src/device_manager.cpp:25:
[INFO] [stderr]   /opt/rustwide/workdir/src/Livox-SDK/sdk_core/src/device_discovery.h:30:10: fatal error: apr_general.h: No such file or directory
[INFO] [stderr]      30 | #include "apr_general.h"
[INFO] [stderr]         |          ^~~~~~~~~~~~~~~
[INFO] [stderr]   compilation terminated.
[INFO] [stderr]   make[3]: *** [sdk_core/CMakeFiles/livox_sdk_static.dir/build.make:180: sdk_core/CMakeFiles/livox_sdk_static.dir/src/device_manager.cpp.o] Error 1
[INFO] [stderr]   In file included from /opt/rustwide/workdir/src/Livox-SDK/sdk_core/src/base/io_thread.h:28,
[INFO] [stderr]                    from /opt/rustwide/workdir/src/Livox-SDK/sdk_core/src/base/io_thread.cpp:25:
[INFO] [stderr]   /opt/rustwide/workdir/src/Livox-SDK/sdk_core/src/base/io_loop.h:33:10: fatal error: apr_general.h: No such file or directory
[INFO] [stderr]      33 | #include "apr_general.h"
[INFO] [stderr]         |          ^~~~~~~~~~~~~~~
[INFO] [stderr]   compilation terminated.
[INFO] [stderr]   In file included from /opt/rustwide/workdir/src/Livox-SDK/sdk_core/src/base/util.cpp:25:
[INFO] [stderr]   /opt/rustwide/workdir/src/Livox-SDK/sdk_core/src/base/util.h:28:10: fatal error: apr_general.h: No such file or directory
[INFO] [stderr]      28 | #include "apr_general.h"
[INFO] [stderr]         |          ^~~~~~~~~~~~~~~
[INFO] [stderr]   compilation terminated.
[INFO] [stderr]   In file included from /opt/rustwide/workdir/src/Livox-SDK/sdk_core/src/device_discovery.cpp:25:
[INFO] [stderr]   /opt/rustwide/workdir/src/Livox-SDK/sdk_core/src/device_discovery.h:30:10: fatal error: apr_general.h: No such file or directory
[INFO] [stderr]      30 | #include "apr_general.h"
[INFO] [stderr]         |          ^~~~~~~~~~~~~~~
[INFO] [stderr]   compilation terminated.
[INFO] [stderr]   make[3]: *** [sdk_core/CMakeFiles/livox_sdk_static.dir/build.make:167: sdk_core/CMakeFiles/livox_sdk_static.dir/src/device_discovery.cpp.o] Error 1
[INFO] [stderr]   In file included from /opt/rustwide/workdir/src/Livox-SDK/sdk_core/src/base/io_loop.cpp:25:
[INFO] [stderr]   /opt/rustwide/workdir/src/Livox-SDK/sdk_core/src/base/io_loop.h:33:10: fatal error: apr_general.h: No such file or directory
[INFO] [stderr]      33 | #include "apr_general.h"
[INFO] [stderr]         |          ^~~~~~~~~~~~~~~
[INFO] [stderr]   compilation terminated.
[INFO] [stderr]   make[3]: *** [sdk_core/CMakeFiles/livox_sdk_static.dir/build.make:76: sdk_core/CMakeFiles/livox_sdk_static.dir/src/base/io_loop.cpp.o] Error 1
[INFO] [stderr]   make[3]: *** [sdk_core/CMakeFiles/livox_sdk_static.dir/build.make:102: sdk_core/CMakeFiles/livox_sdk_static.dir/src/base/io_thread.cpp.o] Error 1
[INFO] [stderr]   make[3]: *** [sdk_core/CMakeFiles/livox_sdk_static.dir/build.make:141: sdk_core/CMakeFiles/livox_sdk_static.dir/src/base/util.cpp.o] Error 1
[INFO] [stderr]   make[2]: *** [CMakeFiles/Makefile2:262: sdk_core/CMakeFiles/livox_sdk_static.dir/all] Error 2
[INFO] [stderr]   make[1]: *** [CMakeFiles/Makefile2:269: sdk_core/CMakeFiles/livox_sdk_static.dir/rule] Error 2
[INFO] [stderr]   make: *** [Makefile:164: livox_sdk_static] Error 2
[INFO] [stderr]   thread 'main' panicked at '
[INFO] [stderr]   command did not execute successfully, got: exit code: 2
[INFO] [stderr] 
[INFO] [stderr]   build script failed, must exit now', /opt/rustwide/cargo-home/registry/src/github.com-1ecc6299db9ec823/cmake-0.1.40/src/lib.rs:832:5
[INFO] [stderr]   stack backtrace:
[INFO] [stderr]      0:     0x55bba0e74790 - std::backtrace_rs::backtrace::libunwind::trace::h452faf99f32e7c93
[INFO] [stderr]                                  at /rustc/af3c6e733a40e671550e0f0f5aeecaa13772ba56/library/std/src/../../backtrace/src/backtrace/libunwind.rs:96
[INFO] [stderr]      1:     0x55bba0e74790 - std::backtrace_rs::backtrace::trace_unsynchronized::he40edc71437667a1
[INFO] [stderr]                                  at /rustc/af3c6e733a40e671550e0f0f5aeecaa13772ba56/library/std/src/../../backtrace/src/backtrace/mod.rs:66
[INFO] [stderr]      2:     0x55bba0e74790 - std::sys_common::backtrace::_print_fmt::h6c51d6ade71f46bf
[INFO] [stderr]                                  at /rustc/af3c6e733a40e671550e0f0f5aeecaa13772ba56/library/std/src/sys_common/backtrace.rs:79
[INFO] [stderr]      3:     0x55bba0e74790 - <std::sys_common::backtrace::_print::DisplayBacktrace as core::fmt::Display>::fmt::h3cd15d7003dec37a
[INFO] [stderr]                                  at /rustc/af3c6e733a40e671550e0f0f5aeecaa13772ba56/library/std/src/sys_common/backtrace.rs:58
[INFO] [stderr]      4:     0x55bba0e9abac - core::fmt::write::h1857a60b204f1b6a
[INFO] [stderr]                                  at /rustc/af3c6e733a40e671550e0f0f5aeecaa13772ba56/library/core/src/fmt/mod.rs:1080
[INFO] [stderr]      5:     0x55bba0e70d17 - std::io::Write::write_fmt::hac61caff894c35ae
[INFO] [stderr]                                  at /rustc/af3c6e733a40e671550e0f0f5aeecaa13772ba56/library/std/src/io/mod.rs:1517
[INFO] [stderr]      6:     0x55bba0e77130 - std::sys_common::backtrace::_print::haa2f390fb7957e3e
[INFO] [stderr]                                  at /rustc/af3c6e733a40e671550e0f0f5aeecaa13772ba56/library/std/src/sys_common/backtrace.rs:61
[INFO] [stderr]      7:     0x55bba0e77130 - std::sys_common::backtrace::print::h48c7cbbad9013bb1
[INFO] [stderr]                                  at /rustc/af3c6e733a40e671550e0f0f5aeecaa13772ba56/library/std/src/sys_common/backtrace.rs:48
[INFO] [stderr]      8:     0x55bba0e77130 - std::panicking::default_hook::{{closure}}::h8b7ff05a31e71d55
[INFO] [stderr]                                  at /rustc/af3c6e733a40e671550e0f0f5aeecaa13772ba56/library/std/src/panicking.rs:208
[INFO] [stderr]      9:     0x55bba0e76e7c - std::panicking::default_hook::h2f00c78800d98e4c
[INFO] [stderr]                                  at /rustc/af3c6e733a40e671550e0f0f5aeecaa13772ba56/library/std/src/panicking.rs:227
[INFO] [stderr]     10:     0x55bba0e77793 - std::panicking::rust_panic_with_hook::h4eaa635e4694aef3
[INFO] [stderr]                                  at /rustc/af3c6e733a40e671550e0f0f5aeecaa13772ba56/library/std/src/panicking.rs:577
[INFO] [stderr]     11:     0x55bba0e77369 - std::panicking::begin_panic_handler::{{closure}}::hec242f1b136b5ff2
[INFO] [stderr]                                  at /rustc/af3c6e733a40e671550e0f0f5aeecaa13772ba56/library/std/src/panicking.rs:484
[INFO] [stderr]     12:     0x55bba0e74bfc - std::sys_common::backtrace::__rust_end_short_backtrace::h1f3cc383ee6c0374
[INFO] [stderr]                                  at /rustc/af3c6e733a40e671550e0f0f5aeecaa13772ba56/library/std/src/sys_common/backtrace.rs:153
[INFO] [stderr]     13:     0x55bba0e77329 - rust_begin_unwind
[INFO] [stderr]                                  at /rustc/af3c6e733a40e671550e0f0f5aeecaa13772ba56/library/std/src/panicking.rs:483
[INFO] [stderr]     14:     0x55bba0e772db - std::panicking::begin_panic_fmt::hebfdcd945bbd27b1
[INFO] [stderr]                                  at /rustc/af3c6e733a40e671550e0f0f5aeecaa13772ba56/library/std/src/panicking.rs:437
[INFO] [stderr]     15:     0x55bba0e0ae67 - cmake::fail::h2cfdddc0be88682d
[INFO] [stderr]                                  at /opt/rustwide/cargo-home/registry/src/github.com-1ecc6299db9ec823/cmake-0.1.40/src/lib.rs:832
[INFO] [stderr]     16:     0x55bba0e0a7ac - cmake::run::ha984405c8c8a4873
[INFO] [stderr]                                  at /opt/rustwide/cargo-home/registry/src/github.com-1ecc6299db9ec823/cmake-0.1.40/src/lib.rs:810
[INFO] [stderr]     17:     0x55bba0e06f0f - cmake::Config::build::h71778eb93212e363
[INFO] [stderr]                                  at /opt/rustwide/cargo-home/registry/src/github.com-1ecc6299db9ec823/cmake-0.1.40/src/lib.rs:719
[INFO] [stderr]     18:     0x55bba08c438f - build_script_build::main::hc25e687fda38b92c
[INFO] [stderr]                                  at /opt/rustwide/workdir/build.rs:19
[INFO] [stderr]     19:     0x55bba08c4b9b - core::ops::function::FnOnce::call_once::hc0a0471f5acd1155
[INFO] [stderr]                                  at /rustc/af3c6e733a40e671550e0f0f5aeecaa13772ba56/library/core/src/ops/function.rs:227
[INFO] [stderr]     20:     0x55bba08c4a8e - std::sys_common::backtrace::__rust_begin_short_backtrace::h0d646b760f164861
[INFO] [stderr]                                  at /rustc/af3c6e733a40e671550e0f0f5aeecaa13772ba56/library/std/src/sys_common/backtrace.rs:137
[INFO] [stderr]     21:     0x55bba08c6241 - std::rt::lang_start::{{closure}}::hc8b7ed9451328035
[INFO] [stderr]                                  at /rustc/af3c6e733a40e671550e0f0f5aeecaa13772ba56/library/std/src/rt.rs:66
[INFO] [stderr]     22:     0x55bba0e77b91 - core::ops::function::impls::<impl core::ops::function::FnOnce<A> for &F>::call_once::hecc21eb9018cc197
[INFO] [stderr]                                  at /rustc/af3c6e733a40e671550e0f0f5aeecaa13772ba56/library/core/src/ops/function.rs:259
[INFO] [stderr]     23:     0x55bba0e77b91 - std::panicking::try::do_call::h174ad655d084b5c7
[INFO] [stderr]                                  at /rustc/af3c6e733a40e671550e0f0f5aeecaa13772ba56/library/std/src/panicking.rs:381
[INFO] [stderr]     24:     0x55bba0e77b91 - std::panicking::try::h479e6054ce28de10
[INFO] [stderr]                                  at /rustc/af3c6e733a40e671550e0f0f5aeecaa13772ba56/library/std/src/panicking.rs:345
[INFO] [stderr]     25:     0x55bba0e77b91 - std::panic::catch_unwind::hb558ddea2b3e9c45
[INFO] [stderr]                                  at /rustc/af3c6e733a40e671550e0f0f5aeecaa13772ba56/library/std/src/panic.rs:382
[INFO] [stderr]     26:     0x55bba0e77b91 - std::rt::lang_start_internal::h163149047f0a8b61
[INFO] [stderr]                                  at /rustc/af3c6e733a40e671550e0f0f5aeecaa13772ba56/library/std/src/rt.rs:51
[INFO] [stderr]     27:     0x55bba08c6217 - std::rt::lang_start::h3c65e169a6c5fd09
[INFO] [stderr]                                  at /rustc/af3c6e733a40e671550e0f0f5aeecaa13772ba56/library/std/src/rt.rs:65
[INFO] [stderr]     28:     0x55bba08c462a - main
[INFO] [stderr]     29:     0x7fce0b0590b3 - __libc_start_main
[INFO] [stderr]     30:     0x55bba08c40de - _start
[INFO] [stderr]     31:                0x0 - <unknown>
[INFO] running `Command { std: "docker" "inspect" "c39d063a02d9ae86f34072df7d14102a849474783b5709ea0ace00bb2b8a0584", kill_on_drop: false }`
[INFO] running `Command { std: "docker" "rm" "-f" "c39d063a02d9ae86f34072df7d14102a849474783b5709ea0ace00bb2b8a0584", kill_on_drop: false }`
[INFO] [stdout] c39d063a02d9ae86f34072df7d14102a849474783b5709ea0ace00bb2b8a0584
